 = 49*g - 2. Let b be z(1). Suppose 4*j - j + b = 2*c, -2*c = 5*j - 7. Is c even?
True
Let f = 2 + 1. Let m = 191 - 62. Suppose w + 149 = f*w - h, -2*w + m = 3*h. Is 18 a factor of w?
True
Suppose 0 = 5*j - 814 - 126. Let w = -125 + j. Is 9 a factor of w?
True
Suppose 131 = 7*i - 751. Does 42 divide -1*(-13)/(39/i)?
True
Let j = -52 - -51. Is (-2 - 4/j)/((-2)/(-173)) a multiple of 14?
False
Let n(m) be the second derivative of -1/20*m**5 - 11/12*m**4 + 2*m**3 + 0 + 3*m + m**2. Is 2 a factor of n(-12)?
True
Let s(d) = 2*d**2 + 25*d + 25. Is s(-12) a multiple of 6?
False
Let h = -7 + 5. Let z be 1458/(-42) + h/7. Let g = 65 + z. Is g a multiple of 10?
True
Let h(v) = 7*v**3 + 3*v**2 + 4*v - 8. Is h(3) a multiple of 9?
False
Suppose -4*l + 177 = -t, 2*l - 2*t = -0*l + 90. Let p = l + 37. Is p a multiple of 18?
False
Suppose 44 = 5*h - 21. Let z = -7 + h. Suppose -2*j = -18 - z. Does 12 divide j?
True
Let x = 805 + -589. Is x a multiple of 71?
False
Let y(i) be the first derivative of -i**4/4 + 3*i**3 + 5*i + 1. Let p(x) = x**3 - 15*x**2 + 49*x + 9. Let k be p(5). Is y(k) a multiple of 18?
False
Suppose 18711 = 5*y + 3*i, -4*y - 7*i + 6*i + 14973 = 0. Is y a multiple of 12?
True
Suppose 5*u = -2*t - 271 + 968, -4*t + 5*u = -1409. Is 9 a factor of t?
True
Let x(d) be the third derivative of -d**5/60 + 3*d**3/2 - 2*d**2. Let f = -3 - -3. Does 6 divide x(f)?
False
Suppose -k + 4*y + 194 = 2*k, 128 = 2*k - 3*y. Let p = k - -58. Is p a multiple of 28?
False
Let u(v) = 25*v**3 - 4*v**2 + 5. Let r be 68/238*7*1. Is u(r) a multiple of 21?
True
Let m = 19 + -15. Suppose m = -2*o + 8. Suppose -56 = -o*u + 76. Does 22 divide u?
True
Let n(f) = 2*f**3 - 3 + 0*f**3 + 2*f - 3*f**3 - 2*f**2. Suppose -36*i = -40*i - 16. Is n(i) a multiple of 4?
False
Suppose 0 = -5*d, 4 = -o - 3*o - 5*d. Let m(u) = -4*u + 1. Let n be m(o). Suppose -15 = -n*s + 80. Is s a multiple of 19?
True
Suppose -13*p + 16*p - 15 = 0. Let d(n) = n**3 - 2*n - 10. Is d(p) a multiple of 35?
True
Let f(i) = -i**2 - 5*i - 12. Let l be f(-10). Let b = -74 - -201. Let z = l + b. Does 20 divide z?
False
Let m = 1712 - 1187. Does 21 divide m?
True
Let i be 0 - (4 + -2 + -1). Let p(u) = 1. Let y(n) = -2*n**2 - 7*n - 5. Let t(z) = i*y(z) - 2*p(z). Does 25 divide t(-8)?
True
Let y(h) = -125*h - 211. Is 11 a factor of y(-6)?
True
Suppose 7*y + 4*x - 4352 = 3*y, 5*x - 3274 = -3*y. Is 11 a factor of y?
False
Let y = 1006 - 708. Is 21 a factor of y?
False
Let u(q) = -q**2 + 15*q + 19. Let j be u(16). Is 11 a factor of j - (-10 + -7 + (-2 - 0))?
True
Suppose 3*x - w = 894, 4*x - 6*x + 4*w + 596 = 0. Is 29 a factor of x?
False
Let d(x) = 22*x**2 + x - 1. Is d(-5) a multiple of 34?
True
Suppose 192 = -4*r + 208. Is r a multiple of 4?
True
Let u = -21 - -21. Suppose -3*q - 79 = -2*w - u*w, 4*q + 102 = w. Let z = -14 - q. Is z a multiple of 3?
False
Let o(k) = 194*k**2 - 10*k - 14. Is 12 a factor of o(-2)?
False
Let g(q) = -2*q + 153 - 3*q + q. Is g(0) a multiple of 40?
False
Suppose -11*j + 1 = -32. Let m(i) = 17*i**2 + 8*i + 4. Is 13 a factor of m(j)?
False
Let f = 39 + -19. Suppose 0 = 3*y + s + f, 4*s - 5*s = -5*y - 36. Let q(a) = -10*a - 2. Does 17 divide q(y)?
True
Let v = -170 - -248. Is 6 a factor of v?
True
Let k(o) = 6*o - 4. Let j be k(1). Suppose -b + j = -6. Is b a multiple of 4?
True
Suppose -4*l = 4*t, 0 = -t + 4*l - 0 + 25. Suppose -t*s - 3*g = -1391, 2*g = 3*g + 3. Suppose -4*n + s = -0*n. Is n a multiple of 11?
False
Suppose -5*k + m + 2*m = -1897, -2*k + 742 = 3*m. Does 7 divide k?
False
Let r(x) = -x - 1. Let u be r(-1). Suppose 2*w + 34 = 38. Suppose u*q - q = 5*n - 203, -q - 84 = -w*n. Is n a multiple of 16?
False
Let j be 32/7 - (-16)/(-28). Suppose 3*r - 390 = -j*v, 0*v + v + 2*r = 100. Is 32 a factor of v?
True
Suppose 0 = 5*y + 2 + 18, -2126 = -2*n - 5*y. Is n a multiple of 76?
False
Let h(l) = -3*l - 10. Let w be h(-4). Suppose i - 9 = -w*i. Suppose 2*t - 135 + 48 = m, 0 = 3*t - i*m - 123. Does 11 divide t?
False
Let q = -91 + 162. Does 5 divide 1/(-2) + q/2?
True
Let u = -925 - -2050. Is u a multiple of 11?
False
Suppose -5*j - 5*p = -3700, 0 = 3*j + 5*p - 0*p - 2222. Let v = 1045 - j. Suppose -n - v = -4*n. Is n a multiple of 24?
False
Suppose 7*c - 5*u + 35 = 8*c, -2*c + 125 = -u. Does 11 divide c?
False
Let w(z) = z**3 + 2*z**2 - 6*z - 5. Let i be w(-4). Let c(u) = u**2 + u - 3. Let s be c(-5). Let o = s - i. Does 6 divide o?
True
Suppose -2 = -n - 19. Let j = n - -84. Suppose 80 = 5*o - 5*s, -4*o + 8*s + j = 3*s. Is 5 a factor of o?
False
Let a = 39 - 7. Suppose 9*s - 5*s = a. Is 5 a factor of s?
False
Let r = 321 - 209. Is 7 a factor of r?
True
Suppose 60 = -3*h - 0*h. Let p = h - -23. Suppose 4*i - v - 34 = 0, -p*v + 10 = 3*i - 8. Is 4 a factor of i?
True
Let f = -1 + 6. Let j = 1 - 3. Does 14 divide (j/f)/((-1)/160)?
False
Let u = 342 + -195. Suppose 5*p = j - u, 5*p = -2*j + p + 238. Is j a multiple of 30?
False
Does 53 divide (-20 - -15)/((-6)/1590)?
True
Let a(i) = 12*i**3 - i**2 + i + 1. Let u be (8/(-6))/(12/18). Let t be a(u). Let q = t + 147. Is q a multiple of 12?
False
Let l(v) = -v**2 - 40*v - 56. Does 11 divide l(-12)?
False
Suppose 21*s - 18*s = -6. Let m(h) be the third derivative of -3*h**4/8 - 5*h**3/6 + h**2. Does 13 divide m(s)?
True
Suppose -942 = -14*s + 21808. Is s a multiple of 13?
True
Suppose 19 = 5*b + 2*z - 3, 4*z + 22 = b. Suppose 4*g = -6 - b, -p - 12 = 2*g. Is 27 a factor of (p + 2 - 3)*-13?
False
Let j(r) = r**3 + 9*r**2 + 4*r + 12. Let b = 31 - 39. Is 22 a factor of j(b)?
True
Is 4/5 - (-7228)/65 a multiple of 8?
True
Suppose 0 = 74*m - 113*m + 51051. Is 77 a factor of m?
True
Let b(v) = -82*v + 157. Does 28 divide b(-26)?
False
Suppose -3*n = -3*i + 18, 0*i - 5*i - 5*n = 0. Suppose i*w + 280 = 11*w. Is 5 a factor of w?
True
Let s = -10 + 21. Let h be 9 - (-3 + (s - 4)). Does 17 divide h + -4 - -50*1?
True
Let b(o) = -8*o - 7. Let u be b(3). Let l = -29 - u. Is 14 a factor of 3 - l - 78/(-2)?
False
Suppose 0 = u + 4*n - 332, -1263 = -4*u + n - 4*n. Is u a multiple of 52?
True
Suppose 5*r - 25 = 0, 5*x - 95 + 0 = 2*r. Is x even?
False
Let r = 53 + 1. Let l be 7*((1 - 6) + 1). Let i = r + l. Is i a multiple of 13?
True
Suppose 422 = 4*r + 2*h, -2*r + 0*r + 202 = 4*h. Let w(v) = -v - 4. Let k be w(-4). Suppose k = -l - n - n + 44, -n = 3*l - r. Is 33 a factor of l?
False
Let p be 6/2 - (5 + 8). Let f be p/45 + (-58)/(-18). Suppose f*b - 8*b = -140. Does 11 divide b?
False
Suppose 5*c = 14 + 1. Let g(w) = -32*w - 4. Let j be g(c). Is (-1)/(j/(-104) - 1) a multiple of 6?
False
Suppose 0 = 4*v - 0*v - 5*k - 393, k + 373 = 4*v. Suppose -12*u + 10*u + 50 = 0. Suppose 3*g - v = u. Is g a multiple of 12?
False
Let g(a) = 7*a**3 - 2*a**2 + 15*a - 4. Is g(8) a multiple of 38?
True
Let z = 670 - 454. Let d = z - 124. Does 23 divide d?
True
Let i(f) = 3 - 4 + 6*f**2 + f - 5*f**2. Let o(k) = 2*k**2 + 10*k. Let u(p) = i(p) - o(p). Is u(-8) a multiple of 3?
False
Let u = 5 + 6. Suppose -6*s = -u - 1. Does 2 divide s?
True
Suppose z = -2*q - 2*z + 165, 2*q - 3*z - 147 = 0. Is 62 a factor of q?
False
Suppose -16*o + 14873 = -11047. Is 18 a factor of o?
True
Let v = -7 + 10. Suppose 7*p - 111 = 4*p + 3*u, 47 = p - v*u. Is p a multiple of 8?
True
Let n(h) = -3*h + 28. Let f be n(0). Does 6 divide (f/21)/(2/90)?
True
Is 57 + 518 + (-6 - 2) a multiple of 27?
True
Let x(r) = 3*r - 2. Let u(y) = 3*y - 1. Let a(w) = 7*w - 2. Let p(q) = -4*a(q) + 10*u(q). Let d(f) = -4*p(f) + 3*x(f). Is 8 a factor of d(14)?
True
Let k = -14 + 158. Is 12 a factor of k?
True
Let d = 42 + -39. Suppose -2*s - 5*r + 70 = 0, -3*r = d*s - 11 - 103. Does 4 divide s?
True
Suppose d + 3*p - 3 = 6*p, -d = -2*p. Let k(l) = l**2 + 4*l - 4. Let a be k(d). Does 13 divide (-2)/a - 159/(-12)?
True
Let b(s) = 7*s - 3. Let w be b(2). Suppose -2*a + w = -5*l, -2*a - 3*l - 1 = -4. Suppose -a*g + 21 = -2*c + 1, 2*c = -8. Is g a multiple of 3?
False
Let h = -458 - -690. Does 24 divide h?
False
Suppose -73 = -5*m - 143. Is 12 a factor of 75 - m - -2*(-1 - -2)?
False
Suppose 7*i + 3305 = 12*i. Does 8 divide i?
False
Let f(x) = -2*x**2 + 28*x. Let n be f(14). Suppose n = 5*s - b - 826, 2*s - 268 - 57 = -5*b. Is 15 a factor of s?
True
Suppose 2*n + 4*h - 38 = 0, 4*n + 2*h = -25 + 83. Suppose -2 - n = -5*f. Suppose